).
3
Let q = 18 - 13. Let f(o) = 7*o - 2. Let t(v) = 3*v - 1. Let g(r) = 2*f(r) - 5*t(r). Let s be g(q). Let l(m) = m**3 + 2*m**2 - 7*m - 5. Determine l(s).
-9
Let q(k) = 2*k + 1. Let b(c) = 10*c + 4. Let n(m) = -3*b(m) + 14*q(m). Let i be (-15 - 1)/((-5)/5). Suppose -p = -5*p + i. What is n(p)?
-6
Let f(k) = -k**2 - 9*k + 1. Let z = -428 - -418. Determine f(z).
-9
Let y(x) = -x**3 - 4*x**2 - 3*x - 6. Let n(v) = -4*v**3 - 17*v**2 - 12*v - 25. Let r(a) = -2*n(a) + 9*y(a). Determine r(-3).
14
Let l(o) = -o**2 + 13*o + 4. Suppose 2*m + 24 = 3*t - 24, 0 = m + 3. Determine l(t).
-10
Let q(h) = -h + 6. Let z be q(2). Let n(i) = 0*i**2 + 1 + 3*i**2 - 2*i + z*i - 2*i**2. Give n(-2).
1
Let a(t) = -1 - 9*t + t + 15*t + 0 - t. Let p = -1 + 2. Determine a(p).
5
Let k be -3*((-8)/30 + (-57)/(-95)). Let c(w) = -w. Give c(k).
1
Suppose -5*s + 23 = 13. Let x(p) = 8*p - 3. Determine x(s).
13
Let z(j) = 2*j + 13. Suppose 148*k - 164 = 189*k. Determine z(k).
5
Let y(s) be the second derivative of -s**3/3 + 3*s**2/2 - 146*s. Determine y(-3).
9
Let z(u) = -43 + 2*u + 44 + u**3 - 3*u**2 - 4*u**2 + 3*u**2. Let w(j) = -10*j + 0*j**3 + 4*j + 2 + 5*j**3 - 6*j**3 + 7*j**2. Let o be w(6). Calculate z(o).
-3
Let p(v) = -6*v - 5. Let l(y) = -y**2 + 5*y + 1. Let f be l(4). Let b(m) = 18*m + 16. Let j(h) = f*b(h) + 16*p(h). Let o = 0 - 1. Give j(o).
6
Suppose 3 = 2*x - l, 28 = 2*x + 3*l + l. Let u(o) = -2*o + 0 + 6*o**2 + x*o + 1. Determine u(-1).
5
Suppose 2*z = 1 + 5. Let w(t) = -t**3 + 3 + 2*t**2 + z*t - 1 - 5. Suppose -3*p = 2*a + 3 + 3, -5*a - p + 11 = 0. Calculate w(a).
-3
Let z(x) = -4*x**3 + 3*x**2 - 4*x + 10. Let a(i) = -3*i**3 + 4*i**2 - 5*i + 6. Let n(j) = -5*a(j) + 4*z(j). Let b = -15 + 6. Give n(b).
10
Let n(b) = b + 2*b**2 - 2*b**3 - 7 + b**3 + 2*b**2 - 3*b**2. Let l be (-4 + (-16)/(-4))/(-1). Determine n(l).
-7
Let u(d) = -7*d**2 - 2*d - 1. Let w(n) = 3*n + 6. Let s be w(8). Suppose b + s = 3*b. Suppose 5*g = 2*g + 4*t - b, g = -4*t + 11. Determine u(g).
-6
Let k(r) = 2*r**2 + 6*r + 3. Let d(g) = -g**3 - 12*g**2 - 10*g + 9. Let n be d(-11). What is k(n)?
-1
Let g = 5 + -5. Suppose 2*p = -4*d - 2*p + 204, g = -2*d - p + 107. Let r be ((-2)/(-4))/((-7)/d). Let k(c) = c**3 + 4*c**2 - 2*c - 6. Calculate k(r).
2
Let d(h) = h**3 + 5*h**2 - 10*h - 8. Let a = -439 + 433. Determine d(a).
16
Let i be -3 - -9 - (1 + 2). Let v(b) = -i*b + 2*b + 2*b - 2*b + 3. Suppose 4*j = 5*j + 3*h, 3*j - 5 = -4*h. Determine v(j).
0
Let m(c) be the first derivative of c**4/4 + 8*c**3/3 + 4*c**2 - 83. Give m(-7).
-7
Let l(f) = f + 30. Let y = -483 - -483. Calculate l(y).
30
Let x = 10 - 15. Let g be (0 - x) + -3 + 2. Let y(v) = -v**2 - 14*v + 23*v - g*v. What is y(4)?
4
Suppose -29 = -5*l + 2*q, 3*l = 2*l - 5*q + 22. Let j(d) = d**2 - 10*d + 7. Determine j(l).
-14
Suppose d - 2*v + 4 = -6*v, -2*d - 5*v = 8. Let m(z) be the first derivative of -1/4*z**4 + 4*z + 8 - 4/3*z**3 + 5/2*z**2. Give m(d).
-16
Let j(f) be the first derivative of -f**4/4 - f**3 + 1. Let q be (-2 + 4)*(38/(-4) + 8). Calculate j(q).
0
Let v(f) be the third derivative of 0*f - 5/3*f**3 - 2/15*f**5 + 0 - f**2 + 1/3*f**4 - 1/120*f**6. What is v(-9)?
-1
Let l(r) = 2 + r**2 + 0 - 2*r**2 + r. Let z = -1015 + 1017. What is l(z)?
0
Suppose 5*i - 3*o = -40, 4*o = -2*i + 6*i + 40. Let y(d) = d + 4. Let v(c) = 3*c + 7. Let t(m) = i*y(m) + 2*v(m). Calculate t(-7).
-13
Let d(b) be the second derivative of b**3/2 + 3*b**2 - b - 1. What is d(-5)?
-9
Let s(y) = y**2 - 7*y + 9. Suppose 80 = -4*u - 4*l, -7*u + 2*u - 70 = -l. Let i = 21 + u. What is s(i)?
3
Let f(d) = 5*d + 13. Let t(k) = k + 1. Let p(b) = -b - 6. Let i be p(-5). Let l(a) = i*f(a) + 4*t(a). Let h be (-257)/51 + (-182)/(-4641). Determine l(h).
-4
Let r(u) = 4*u**2 - 7*u - 20. Let g(c) = -5*c**2 + 8*c + 21. Let d(f) = -3*g(f) - 4*r(f). Determine d(6).
5
Let j = 221 + -218. Let g(y) = -y**2 - y + 2. Determine g(j).
-10
Let l(c) = -2*c**2 + 5*c. Suppose -4*a + 9 = -7. Suppose 4 = -a*i - 4*j, 0 = 4*i - 3*j - 45 + 14. What is l(i)?
-12
Let k be ((-15)/12)/((-4)/16). Suppose 10*g = k*g. Let z(y) = -5 + g + y + 3. Give z(-6).
-8
Let y(v) = -v**2 + 4*v + 2. Let r = 1692 + -1687. What is y(r)?
-3
Let k(l) = 2*l - 3*l**2 - 17 + 37 + l**2 + l - 18. Let j(q) = -q**2 - 4*q. Let y be j(-3). Calculate k(y).
-7
Let b(l) = 77*l**2 + 9 + l**3 - 37*l**2 + 8*l - 33*l**2 + 2*l. Suppose 0 = 5*s + 4*w - w + 15, -3*w = -15. Determine b(s).
-15
Let n(l) be the third derivative of l**6/360 + l**5/15 - 3*l**4/4 + 5*l**2. Let d(u) be the second derivative of n(u). What is d(-6)?
-4
Let f = -4 - -11. Let o(b) be the third derivative of -b**7/5040 - b**6/144 + 5*b**5/12 - 44*b**2. Let i(p) be the third derivative of o(p). What is i(f)?
-12
Suppose 5*b + 6 = -4. Let y(i) = 96*i - 9. Let a(x) = -43*x + 4. Let s(f) = -9*a(f) - 4*y(f). Calculate s(b).
-6
Let s(q) = -q - 1. Let v = 37 - 123. Let k = v - -88. Give s(k).
-3
Let y(o) be the first derivative of -o**4/24 - 7*o**3/6 + 21*o**2/2 - 22. Let j(d) be the second derivative of y(d). Give j(7).
-14
Suppose -7 - 4 = -3*f + p, -35 = -5*f + 5*p. Let w(y) be the first derivative of -2*y**2 - 2*y - 495. Give w(f).
-10
Let i(y) = -2*y**3 - 2*y + 3. Suppose 4*p + 5*u = 283, -6*p + 3*p = -2*u - 241. Suppose -p - 83 = 5*h. Let o = 34 + h. Calculate i(o).
-17
Let q(n) = -n**2 + 3*n + 3. Let a = -40 - -31. Let g(b) = b + 7. Let d be g(a). Determine q(d).
-7
Let q(h) = h**3 + 3*h**2 + 5*h + 2. Let u be 6/36 - (-38)/(-12). Calculate q(u).
-13
Let c(j) = j - 1. Suppose 0 = -2*t - 2*t + 144. Let k = t - 22. Suppose -4*v + 2*v + k = 0. What is c(v)?
6
Let n(r) be the third derivative of -r**5/60 + 29*r**4/24 - 25*r**3/2 - 841*r**2. Calculate n(26).
3
Let a(w) = 57*w - 1. Let h(i) = 71*i. Let p(m) = 5*a(m) - 4*h(m). Calculate p(11).
6
Let y(p) = 2*p - 5. Let i = -2056 + 2069. Calculate y(i).
21
Let j(k) be the first derivative of -k**4/4 - 7*k**3/3 - 5*k**2/2 + 2*k + 29. What is j(-5)?
-23
Let y(m) be the first derivative of 23*m**3/3 + m - 348. Determine y(-1).
24
Let o(x) = x**2 - 6*x + 4. Suppose -5 = 2*h - 5*f, 3*h = 6*f - 3*f + 6. Give o(h).
-1
Let l = 992 - 980. Let t(y) = -y**3 + 11*y**2 + 16*y - 18. Determine t(l).
30
Suppose 2*g - 3 = -5*r, -4*g + 0*g + 5*r = 69. Let q = g - -8. Let v(n) = -1721 + n + 2*n - 2*n**3 + 1723 + 2*n**2 - n + 3*n**3. Determine v(q).
-13
Suppose 0 = 76*m - 75*m - 7. Let x(n) = -n**3 + 7*n**2 + n - 5. Give x(m).
2
Suppose -9*c - 16 = -7. Let q(r) = 22*r**3 - r. Give q(c).
-21
Let l(i) = -7*i + 7*i + 2*i - 3*i - 2. Give l(7).
-9
Let u(v) = 1 + 0*v**2 - 5 + 1 + v**3 + 3*v**2 - 2*v. Let i(d) = -d + 8. Let j be i(4). Suppose -5*w - 5*l = -w + 12, 0 = -4*w + j*l - 12. Calculate u(w).
3
Let k(c) be the third derivative of -c**4/12 - 5*c**3/6 - 3*c**2. Let r be -3 + 0/(-2) - 2. Let z be k(r). Let o(u) = 2*u + 1. Determine o(z).
11
Let f(r) = r + 5. Let y = 298 - 303. Calculate f(y).
0
Let n(z) be the third derivative of -z**4/12 - 69*z**2. Determine n(-4).
8
Suppose h + 2*l + 9 - 1 = 0, 5*h + 2*l = 0. Let z(j) = 3*j + 1. Let u(c) = c. Let y be 48/(-30) - 6/(-10). Let p(x) = y*z(x) + 6*u(x). What is p(h)?
5
Let s(j) = 5*j + 11. Let f(a) = 44*a + 306. Let n be f(-7). Calculate s(n).
1
Let u(i) = 3*i. Let y(g) = 9*g + 222. Let d be y(-25). What is u(d)?
-9
Suppose 18 = 3*v + k, 5*k - 16 + 3 = -4*v. Let x(z) = -4*z + 20. Let j(o) = 7*o - 30. Let d(u) = -5*j(u) - 8*x(u). Determine d(v).
-31
Let h(u) = 3*u - 6. Let f be ((-3)/(-9) + 0)*-18. Calculate h(f).
-24
Let p(i) = i**3 - 26*i**2 + 26*i - 23. Let w be p(25). Let f(s) = -4*s + 3. Calculate f(w).
-5
Let v(t) be the second derivative of t**6/120 - 17*t**4/12 - 7*t. Let d(u) be the third derivative of v(u). Calculate d(-2).
-12
Let u(j) = 2*j**3 - 2*j**2 - 3*j - 1. Let g be (37 - (0 + 2))/1. Let z = g - 36. Let s be u(z). Let h(p) = p**3 + 2*p**2 + 3*p + 1. Determine h(s).
-5
Let h(w) = 2*w**3 - w**2 + 9*w + 9. Let x(i) be the third derivative of i**6/120 - i**5/60 + i**4/6 + 2*i**3/3 - 12*i**2. Let m(l) = 3*h(l) - 7*x(l). Give m(2).
5
Let g(s) = 36*s + 224. Let t be g(-6). Let m(o) = -o**2 + 6*o + 1. Give m(t).
-15
Let n(q) = 32*q**2 + q - 77 + 82 - 28*q**2. Calculate n(-3).
38
Let y(k) = 57*k**2 + 14*k + 18. Let v(n) = 31*n**2 + 7*n + 9. Let t(m) = -11*v(m) + 6*y(m). Give t(-7).
9
Let m(g) 